
Let z = 32 - 32. Suppose 5*g - 5*y = 1915, -4*g = -z*y + 3*y - 1504. Is g composite?
False
Let t = -3928 - -6302. Is t prime?
False
Let s = 7246 - 4851. Suppose 8*b - 9*b + s = 0. Is b composite?
True
Let a be 3237/12 + 5/4. Let v = a - 140. Is v a composite number?
False
Suppose 4*q - 38123 = 3*x, q + x = 2010 + 7526. Is q a composite number?
False
Suppose 3*n + 3*k = 23382, -37877 = -5*n - 2*k + 1078. Is n prime?
True
Let t be (-7 + 4)/(6/(-10)). Suppose 3*w - 2 + t = 0, -5*i = 4*w + 4. Suppose 4*n - 3*g - 2*g - 601 = i, -5*n + 746 = -g. Is n prime?
True
Let h(v) = v**3 + 10*v**2 + 6*v - v**2 + 3*v - 11. Let m be h(-8). Let u = 50 + m. Is u a prime number?
True
Suppose 0 = -2*s + 28819 - 9381. Is s prime?
True
Let o(k) = 2*k**3 - 3*k**2 + 3*k + 2. Let a be o(3). Let d = 197 - a. Suppose r = -0*r + d. Is r prime?
False
Suppose 5*x - 110 = 3*n, -3*x + 3*n + 10 = -2*x. Suppose 7*t = x*t - 1242. Is t prime?
False
Is 16 + 2226/(-147) - 303802/(-14) a composite number?
False
Suppose 0 = -0*i + i - 8. Let z be ((-4)/(-1))/(i + -6). Suppose -100 - 426 = -z*d. Is d a composite number?
False
Suppose 5 = b - 2*a, -5*b + 18 = -3*a - 7. Let t(n) = -10*n**3 - 4*n**2 + 4*n + 6. Let s be t(b). Is (s/3)/((-20)/30) a prime number?
False
Suppose 2*n - 493 = -5*x, n + 4*x - 3*x - 251 = 0. Let d = n + 83. Is d a prime number?
True
Suppose -4*a - 4*m = -8722 - 7710, 3*a - 12330 = -m. Is a composite?
False
Let x(s) = s**2 - 2*s + 251. Let h(r) = 2*r + 10. Let y be h(-5). Is x(y) a prime number?
True
Suppose 842 = -m - 3*r, -3433 = -2*m + 6*m - r. Let i be 4/(-6) - m/3. Suppose -2*p + 0*p - 481 = -5*o, 3*p = 3*o - i. Is o a prime number?
True
Let v be 20*(16/5 - -2). Is (-2)/(-3) + v/6 - -1 prime?
True
Let a(u) = -u - 3. Let o(t) = t + 1. Let m(s) = a(s) + 3*o(s). Let k be m(0). Suppose k = -3*p + 5*p - 4*l - 158, 0 = -p - l + 79. Is p prime?
True
Suppose v = -3*y + 13060, -4*y + 3*y = -3*v + 39190. Is v a composite number?
False
Let h be 2/(-3) + 39/(-9). Let r(t) = -15*t**2 - 6*t - 5. Let d be r(h). Let j = -97 - d. Is j composite?
True
Let j(l) = l**3 + l**2 + 2*l + 2. Let g be j(-2). Let f be (-9)/g*104/6. Suppose -3*i + f = -2*i. Is i composite?
True
Let b = -28968 + 50215. Is b a prime number?
True
Let a(u) = -u**3 + 8*u**2 - u - 1. Let f be a(8). Let o be (-60)/f*(-192)/(-10). Suppose -2227 = -3*x + o. Is x prime?
False
Let j(g) = -g + 7. Let v be j(-6). Let h = 69 + -93. Let x = v - h. Is x a composite number?
False
Let j = 9956 + -6919. Is j a composite number?
False
Let g = 1902 - 3548. Let f = g + 869. Let h = -526 - f. Is h composite?
False
Let c = -11366 + 25759. Is c composite?
True
Let r(w) = 30*w**3 - 26*w**2 + 5*w + 6. Let d(j) = -6*j**3 + 5*j**2 - j - 1. Let x(h) = -11*d(h) - 2*r(h). Let k = 104 + -102. Is x(k) a composite number?
False
Suppose -2*u = -2, 4*u = -5*a + 25 + 29. Let q(z) = -3 + 0 + a*z**2 + 4 - 2. Is q(3) a prime number?
True
Let k = 3216 - -4195. Is k prime?
True
Let q(r) = -r**3 + 11*r**2 - 5*r - 1. Let y be q(5). Let w = y - 60. Suppose d = 2*l + w, -2*l - 2*l + 278 = 5*d. Is d composite?
True
Let h = 16 + -11. Suppose -19 = h*y - 39. Suppose y*i - 1820 = -484. Is i a composite number?
True
Let p = 66211 - 42780. Is p a composite number?
False
Suppose -2*p + 3*g + 31919 = 0, -5*p + 22*g + 79815 = 18*g. Is p a composite number?
True
Let d = -1914 + 3011. Is d composite?
False
Let k(m) = 8*m**3 - 13*m**2 + 22*m - 13. Is k(8) a prime number?
False
Let u = -357 + 1184. Let s = u + -496. Is s a composite number?
False
Suppose q - 1 = 1. Suppose q*k - 47 = -261. Let y = -14 - k. Is y a composite number?
True
Is -28345*(18/10)/(-9) prime?
True
Suppose 2*o + 5*u - 7057 = -773, 0 = -4*u - 8. Is o a prime number?
False
Let g be 435/2 + (4/2)/4. Let i = 179 + g. Is i a prime number?
True
Let h(m) = 5*m**2 - 17*m - 37. Is h(-10) a prime number?
False
Suppose j - 2*h - 52 = 2*h, 111 = 3*j + 3*h. Let k be (-2)/(-5) + 184/40. Suppose -r - 6 + 1 = 0, k*r + j = u. Is u prime?
False
Let a(v) be the first derivative of v**3/3 + v**2 - 3*v - 1. Let z be a(-4). Suppose -4*l = z*r - 634, 4*r - 3*r = 2*l - 324. Is l prime?
False
Let v be (6/(-5))/(-3*2/15). Let d(i) = 63*i**2 - i - 1. Is d(v) a prime number?
True
Let d = -1078 + 1209. Is d a prime number?
True
Let l(t) = -2 - 298*t + 110*t + 5. Let g be l(4). Let s = -458 - g. Is s composite?
True
Let v = 12123 + -6276. Is v a composite number?
True
Suppose 861 = c - 1074. Suppose -i = 4*p - c, 0*p = -3*i - 2*p + 5815. Is i a prime number?
False
Suppose -3*h + 69377 = 3*s - 60799, 2*s - 5*h = 86777. Is s composite?
False
Let l = 1015 + 384. Is l a composite number?
False
Let l be (-6)/14 - (-48)/14. Suppose -l = 5*x - 13. Suppose -417 + 1412 = 4*f + 3*s, -4*f - x*s = -998. Is f prime?
True
Suppose b - 2 - 5 = 0. Suppose b*l = 4*l + 9. Suppose 0*p = l*p - 483. Is p composite?
True
Let l be (4 - 0) + (-20)/10. Suppose l*y - 3*m = 2*m + 4, 6 = 3*y + 4*m. Is 39*y/((-12)/(-22)) a prime number?
False
Suppose -697*x - 71815 = -702*x. Is x a prime number?
False
Suppose 12 = -4*l, 0 = -c - 3*l + 116314 - 24650. Is c prime?
True
Suppose 0 = -2*q + z + 1, -2*q = -5*q + z + 1. Let r = -125 - -315. Suppose -i - l + r = q, 0 = -3*i + 3*l - 0*l + 576. Is i prime?
True
Let l = 26 - 24. Suppose 402 = l*z - 5*a, a + 317 = 5*z - 642. Is z composite?
False
Suppose 2*s = 4*s - 8, 5*o - 12 = 2*s. Suppose 7*f = -o*f + 13343. Is f prime?
True
Let c(k) = k**3 + 3*k**2 + k - 14. Suppose -7*l = -6*l - 5. Is c(l) prime?
True
Suppose 4*u + 540 = -1280. Let g = u + 762. Is g a composite number?
False
Let i(p) be the first derivative of -53*p**2 - 5*p + 1. Is i(-4) prime?
True
Let d be 1019 + (-3)/(-1) - -2. Let b = d - -703. Is b a composite number?
True
Let u(o) = -o**3 - o**2. Let z(v) = -13*v**2 + 2*v + 4. Let b(r) = -6*u(r) + z(r). Let y be b(5). Let d = y + -254. Is d a composite number?
True
Let j = 469 + 5430. Is j composite?
True
Suppose 4*w + s - 8 = 0, -4*w - 5*s + 8 = -0*s. Suppose -2*v = w*v - 1028. Is v a prime number?
True
Let u be 3/(-12) + 34/8. Let p be (-2234)/(-1) + (2 - u). Is p/10 + (-1)/5 prime?
True
Let k = -2123 + 3666. Is k composite?
False
Suppose 4*g = -7*z + 2*z + 55115, 15 = -3*g. Is z a composite number?
False
Suppose 4*d - 5*d = -191. Is d a composite number?
False
Let j = -79 - -158. Suppose g - 132 = -o, 3*g - o - j - 297 = 0. Is g a composite number?
False
Let b be 2/6 + 22988/(-42). Let f be (43/2)/((-1)/16). Let r = f - b. Is r composite?
True
Let j(b) = -2*b**3 - 11*b**2 - 8*b - 19. Suppose -8*v - 24 = 72. Is j(v) composite?
False
Let m = 78 + -74. Suppose 2061 = m*l - l. Is l prime?
False
Suppose -o = -0*o. Let z(y) = -y + 291. Let s(c) = 2*c - 582. Let t(g) = -3*s(g) - 5*z(g). Is t(o) prime?
False
Suppose 0 = 5*u + 84 - 9. Let c = 44 - u. Is c a composite number?
False
Suppose 128817 + 48844 = 31*u. Is u prime?
False
Is (-28233)/(8 + -11) - -2 composite?
False
Let w(l) = -9*l - 3. Let j be w(-4). Let c be (-14)/(-3)*j/22. Let p(a) = a**3 + 11*a**2 - 10*a + 3. Is p(c) a prime number?
False
Let k(a) = 13*a**2 + a + 5. Let r(t) = 38*t**2 + 2*t + 15. Suppose 0*n = -4*n + 8, 0 = j + 2*n + 4. Let c(w) = j*k(w) + 3*r(w). Is c(3) composite?
False
Let d be 8/(-60)*-5*225. Suppose -2*z - 5*p + d = 0, -398 = -5*z - p - 0*p. Let n = -22 + z. Is n a composite number?
True
Suppose 4*a + 5*t - 61 = 0, -t = -2*a + 5 + 8. Suppose a*p = 4*p. Is p - 4 - (-2817)/9 a composite number?
True
Let z(v) = 47*v**2 + 46*v - 295. Is z(28) a composite number?
True
Let b = 5832 - 3201. Is b composite?
True
Let x be 93/(-13) + 2/13. Let n = x - -10. Is ((-8)/(-4) - n) + 96 composite?
True
Let g(f) = -11941*f + 346. Is g(-7) a prime number?
True
Let n(y) = 2*y - 6 - 2 - 5 + 0. Let j be n(9). Suppose -j*m - 35 = -6*m. Is m a prime number?
False
Suppose -10*y - 45 = 105. Suppose 0 = 5*n + a - 186, -a = -3*n - 5*a + 98. Let g = n + y. Is g a prime number?
True
Let m(x) be the third derivative of -x**6/120 + 3*x**5/20 - x**4/24 + 7*x**3/6 + 10*x**2. Let c be m(9). Is (1 - c) + 1150/5 prime?
True
Let y(v) = -v**2 + 16*v - 16. Let g be y(14). Suppose 4 = -x, -l - 4*x + g = -6*x. Suppose 2*h - 5*k - 569 = 0, l*h - 3*h - 262 = -5*k. Is h a composite number?
False
Is (-522074)/(-126) - (-12)/(-27) composite?
True
Is (-4)/(-22) +